Suppose -305 = 2*h - 819. Is h a composite number?
False
Is (2 + (-45)/5)*(-211 - 0) a prime number?
False
Let r = 2 + -2. Suppose -4*x = 3*q - 14 - 6, -5*q + 2*x - 10 = r. Suppose 3*s - 14 - 55 = q. Is s composite?
False
Suppose -12780 = -5*v + 14125. Is v a composite number?
False
Suppose 6*p - p - 5435 = 0. Is p a prime number?
True
Let c = 18 - -18. Suppose 0*r + 3*r = -s + c, -4*s + 88 = -2*r. Let w = s + -10. Is w a composite number?
True
Let c(d) = d**2 - 13*d - 4. Let z be c(13). Is 0 - (4 + z - 53) prime?
True
Let q = 0 + 3. Suppose -q*g - 5*s + 187 = 0, -154 = -2*g + 4*s - 0*s. Is g a composite number?
True
Suppose 0 = -3*j - 2*f - 4, j + f = -j - 3. Let w(y) = -658*y + 3. Is w(j) a prime number?
True
Let h(v) = -5*v**2 - 6*v. Let r(p) = -p**2. Let z(o) = h(o) - 6*r(o). Let k be z(6). Suppose k = -0*d - 4*d + 140. Is d a prime number?
False
Suppose -4*b + 479 + 57 = 0. Is b composite?
True
Let h be (76/(-10))/(2/(-120)). Let o be (-3 - (-3 - -2)) + 21. Suppose -o - h = -5*g. Is g a composite number?
True
Suppose 3*y - 8 - 1 = 0. Is y a prime number?
True
Suppose 0*i - l = i - 442, -4*i - 5*l + 1767 = 0. Is i a composite number?
False
Suppose -b + q = -6, q + 3*q = b - 6. Is 130/b + 10/(-15) prime?
False
Let d = 93 + 98. Is d composite?
False
Let w(i) = -13*i + 2. Let o be w(-6). Suppose 4*c = -s + o, 4*c + 3*s = 8 + 64. Is c prime?
False
Suppose -2*z = 5*l + z, 0 = 5*l + z. Suppose x - 6*x + 435 = l. Is x a prime number?
False
Let n = -7740 + 12053. Is n prime?
False
Let u = 680 + -193. Is u prime?
True
Let m = 25 - 9. Suppose 13*f = m*f - 471. Is f a composite number?
False
Let g = -2 + 10. Let k(v) = 2*v**3 - 11*v**2 + 3*v + 9. Is k(g) a prime number?
True
Let o = 0 + -3. Let n be o*(-5)/((-45)/(-156)). Suppose 416 = 4*i + n. Is i a prime number?
False
Suppose 4*t - 8 = 8. Suppose -t*h - 5*m = -902, 3*h + m - 688 = 3*m. Suppose -3*l + h + 45 = 0. Is l composite?
True
Let r = -38 + 132. Suppose i = -4*z + r, -4 + 29 = z + i. Is z a prime number?
True
Let y = -5 - -10. Suppose -y*v = 4*m - 173, m - 2*v = 16 + 11. Is m composite?
False
Let x = -53 - -22. Suppose 13 = -z - 3*y, y = 5*z - 0 - 15. Is z*x*(-6)/12 prime?
True
Let h(z) = 5 + 3 + 5*z - 11 + 30*z. Is h(2) a prime number?
True
Let n = -1752 + 4861. Is n a composite number?
False
Suppose 2*a - l - 403 = 0, -3*l = 5*a - 1202 + 178. Let x = -106 + a. Is x a prime number?
True
Let f = 131 - 78. Suppose -3*j = -4*o - f, 5*j - 3*o - 114 = -22. Is j a composite number?
False
Suppose -1550 = -4*g - 2*z, z - 2*z - 1170 = -3*g. Is g prime?
True
Let i = 263 - 62. Is i composite?
True
Let g be (23 + -3)/(-1*1). Is (-9)/2*g/6 composite?
True
Is ((-6)/(-12))/(-2 + 1613/806) a composite number?
True
Let b(o) be the first derivative of 24*o**2 + 19*o + 9. Is b(6) composite?
False
Let n(d) = 3*d**2 - 7*d + 6. Suppose 0 = 5*o + 4*r - 41, -2*o + 5*r = o + 5. Is n(o) a prime number?
False
Let b(z) = -z**3 - z**2 + 2*z. Let l be 2/(-4) + (-3)/2. Let i be b(l). Suppose -2*g = 2*g - 2*c - 12, 2*g - 4*c = i. Is g composite?
True
Suppose 0 = 5*p - 2*y + 153, -4*p - y + 4*y = 128. Let h = 53 - p. Is h prime?
False
Let j(y) = y + 6. Let s be j(-3). Suppose -3*m = 5*n - 1673, s*n + n - 1331 = 5*m. Is n + (0 - (1 + 2)) prime?
True
Let b = 3 - 3. Suppose -2*k + b*k + 76 = 0. Is k a prime number?
False
Let b(r) = 26*r + 41. Is b(13) a prime number?
True
Suppose -5*p + 3*m = -1642, -2*m = -p - 6*m + 333. Is p prime?
False
Suppose 0*b - 42 = 3*b. Let x = b + 27. Is x a prime number?
True
Let g(v) = v. Let y be g(5). Let n(o) = 113*o - 12. Is n(y) a composite number?
True
Let b(d) be the third derivative of -d**4/8 + d**3/6 - 4*d**2. Is b(-6) a prime number?
True
Let g(k) = -k - 3. Let d be g(-7). Suppose -d*u + 54 + 46 = 0. Is u a composite number?
True
Let l(m) = -m**3 - 11*m**2 - m - 6. Let g be l(-11). Let u = 5 - g. Suppose 0*s - s + 65 = u. Is s prime?
False
Let h(t) = t + 6. Let i be h(-6). Suppose x - 4 = -i. Is 197/x + (-3)/12 composite?
True
Suppose 3*x - 2*i = 2*i + 885, i + 1492 = 5*x. Is x a composite number?
True
Let v(p) = 8*p**2 + 3*p - 3. Suppose o - 4*m + 20 = 0, 3*m = o + 8*m - 16. Is v(o) composite?
False
Suppose -5*d = 3*b - 0*b - 46, 5*d + 4*b - 48 = 0. Let l = 11 - d. Is l prime?
True
Let y(u) = 52*u**2 - 1. Let t(n) = n**2. Let s(d) = -4*t(d) + y(d). Let c = 4 - 3. Is s(c) prime?
True
Suppose -10*a = -6*a - 1212. Is a prime?
False
Suppose -15 = 5*g, -3324 = -5*u + 2*g + 6947. Is u composite?
False
Let s(m) = -m + 2. Let q be s(6). Let w(d) = -d**3 - 2*d**2 - 2*d - 3. Is w(q) a composite number?
False
Suppose 274 - 74 = 4*o. Let v = -2 + 5. Suppose v*j = 161 - o. Is j a prime number?
True
Is 6/4*7530/45 prime?
True
Let x(j) = 30*j**2 - j - 10. Is x(-3) prime?
True
Let o(h) = h**3 + 12*h**2 - 4*h - 11. Suppose -k - 23 = u - 5*k, 4*u - k + 152 = 0. Let w = 27 + u. Is o(w) composite?
False
Let m = -11 + 24. Let z = -31 + m. Let f = z - -39. Is f composite?
True
Suppose 8*a - 3*a = 1945. Suppose -3*t = 3*s - 7*s - a, 260 = 2*t - 3*s. Is t a composite number?
False
Is (-278)/((0 + -10)/5) a composite number?
False
Suppose 2*u - 3*t - 65 = -4*t, 0 = -2*u - 3*t + 63. Let o = 4 + u. Is o a prime number?
True
Suppose p - 4 = s - 15, 0 = -s + 5*p - 9. Suppose -i + 0*v - 3*v - s = 0, 3*v = -5*i - 80. Is (-4)/i + (-294)/(-8) prime?
True
Suppose -4*f - 470 = -9*f. Suppose -2*n - 56 = -d + 13, -d - 3*n + f = 0. Is d composite?
False
Let o(h) = 4*h**3 + 2*h**2 - 6*h + 9. Is o(5) composite?
True
Let m = -21 + 24. Suppose m*g + 5*v = 92, 0 = -3*v - 0*v - 15. Is g a composite number?
True
Suppose o = 5*k + 23, 0 = 4*o + 5*k + 11 + 22. Let i be (-84)/(-16) + o/8. Suppose 23 + i = 4*z. Is z prime?
True
Let r be 0 + 206*(-2 + 3). Let t = r - 123. Is t a prime number?
True
Suppose -1407 = 4*z - 7*z. Is z a composite number?
True
Suppose -a - 2*a = 12. Let l(r) = -4*r**2 - 5*r - 9. Let h(s) = 2*s**2 + 3*s + 5. Let c(n) = -7*h(n) - 4*l(n). Is c(a) a prime number?
True
Let o = -1710 + 2669. Is o a prime number?
False
Let v = 60 - 23. Is v a prime number?
True
Let j be (-5)/(-15) + 14/3. Suppose j*a - 63 = 2*a. Is a composite?
True
Suppose -4*s = 5*h - 185, 4*h - 3*s = s + 148. Let f = h - -6. Is f prime?
True
Let o(b) = -b**2 + 8*b + 12. Let w be o(12). Let x = w - -115. Is x prime?
True
Suppose 0 = -2*c + 5 + 3, -i + 5*c = -29. Is i a prime number?
False
Is 6/4*(-5614)/(-21) a composite number?
False
Let b = -178 - -285. Suppose 357 = 2*r + 3*v - b, -5*v - 245 = -r. Is r composite?
True
Is 181/1 - 32/8 composite?
True
Let y be 42/3 - 2*1. Is (-163)/(-3) + 8/y prime?
False
Suppose -15 + 353 = m. Suppose -5*o + a = -m, -3*a - 2*a = 5*o - 320. Is o a prime number?
True
Let r = 305 + -163. Is r composite?
True
Let x = 278 - 163. Let u = 48 + x. Is u a prime number?
True
Is 1*14 - (11 - 10) prime?
True
Let v be 1 + 5 - (5 - 2). Suppose -o = -5*p + 196, -2*o - v*o + 73 = 2*p. Is p a prime number?
False
Let j(a) = -a**2 - a + 11. Let l be j(8). Let s be (-12)/(2/4*1). Let x = s - l. Is x a composite number?
False
Suppose 0 = -2*t + 2, 2*j - 10 = -t - 3. Suppose -j*g + 0 + 3 = -5*y, y + 5 = 5*g. Suppose 3*x + 3*k - 91 = k, y = -k - 1. Is x composite?
False
Suppose 14869 + 2750 = 3*b. Is b a composite number?
True
Let z(i) = 2*i**2 + 8*i + 3. Let r be ((-2)/(-3))/((-4)/6). Let s be r/(33/15 - 2). Is z(s) a composite number?
False
Suppose -2*c = -0*c. Suppose c*f = -f + 93. Suppose -z - 2*z = -f. Is z prime?
True
Let z be -3 - (-3 - 1) - -13. Let d(h) = h**2 + 14*h + 15. Is d(z) a prime number?
False
Let a = -9 + 9. Suppose 110 = -a*w + 5*w. Is w composite?
True
Suppose 22*l = 23*l - 523. Is l a composite number?
False
Let a = 3 - 3. Suppose 12 = 4*b - a. Suppose b*r - w - 94 - 63 = 0, 0 = r - w - 55. Is r composite?
True
Let f be 0*(0 + -1) + 15. Let h(o) = f*o + 21*o + 17*o. Is h(1) prime?
True
Is 3/(15 - -3) + (-610)/(-12) a prime number?
False
Suppose 9 = 3*s, 2*b - 6*b = 5*s - 23. Suppose -4*y + b*y = -38. Is y a composite number?
False
Let f(y) = 10*y**3 + 7*y**2 - 8*y - 1. Is f(4) a prime number?
True
Suppose 3*h = -b - 98, -3*b - 162 = 2*h + 3*h. Is 72/33 - (-6)/h prime?
True
Let w = 529 + -200. Is w composite?
True
Let z(o) = o**2 + 5*o - 7. Let n be z(-6). Is 51 + 6 + -3 + n a composite number?
False
Let i